{"id":1040,"date":"2017-12-21T11:19:48","date_gmt":"2017-12-21T10:19:48","guid":{"rendered":"http:\/\/pk-torpedo.si\/?page_id=1040"},"modified":"2024-11-17T16:22:50","modified_gmt":"2024-11-17T15:22:50","slug":"za-podjetja","status":"publish","type":"page","link":"https:\/\/pk-torpedo.si\/?page_id=1040","title":{"rendered":"Za podjetja"},"content":{"rendered":"<div class=\"wpb-content-wrapper\"><p>[vc_row][vc_column][vc_column_text css=&#8221;.vc_custom_1731856953377{margin-top: 25px !important;}&#8221;]<\/p>\n<p align=\"justify\">Pod pojmom zdravje \u017ee dolgo ne ozna\u010dujemo samo odsotnosti bolezenskega stanja, ampak k zdravju bistveno prispeva veliko med seboj povezanih dejavnikov, od socialnih, fizi\u010dnih in psiholo\u0161kih. In slednji so v dana\u0161njem vse prehitrem na\u010dinu \u017eivljenja \u0161e kako bistveni za zmanj\u0161evanje slabega po\u010dutja in izbolj\u0161anju zdravja. Da bomo v \u017eivljenju in posledi\u010dno tudi na delovnem mestu uspe\u0161ni moramo najprej poskrbeti za svoje zdravje in zdravje zaposlenih.<\/p>\n<p align=\"justify\">Z dnevno fizi\u010dno aktivnostjo pripomoremo k zmanj\u0161evanju pojava kroni\u010dnih bolezenskih stanj v prihodnosti, gre za preventivno ukrepanje in spopadanje z boleznimi sodobnega \u010dasa, ki bistveno vplivajo na kakovost na\u0161ega \u017eivljenja.<\/p>\n<p align=\"justify\">Zato si v Plavalnem klubu Torpedo Ljubljana prizadevamo, da bi se tudi podjetja \u010dim bolj zavedala svoje vloge v preventivnem zdravju svojih zaposlenih in namenila vse ve\u010d pozornosti problemu sodobnega \u010dasa. Z zdravjem in zadovoljstvom svojih zaposlenih podjetja na dolgi rok bistveno prispevajo tudi k svojim uspe\u0161nim rezultatom, saj so krivci za uspe\u0161no poslovanje prav zaposleni.<\/p>\n<hr \/>\n<h2 align=\"justify\">URNIK VADB<\/h2>\n<h3 align=\"justify\">PLAVANJE<\/h3>\n<p align=\"justify\"><strong>torek in \u010detrtek<\/strong> 6.00 do 7.00,<br \/>\n<strong>petek<\/strong> 19.00 do 20.00 in termini po dogovoru.<\/p>\n<h3 align=\"justify\">KO\u0160ARKA<\/h3>\n<p align=\"justify\"><strong>torek in \u010detrtek<\/strong> 20.30 do 22.00.<\/p>\n<p>[\/vc_column_text][\/vc_column][\/vc_row]<\/p>\n<\/div>","protected":false},"excerpt":{"rendered":"<p class=\"card-text\">[vc_row][vc_column][vc_column_text css=&#8221;.vc_custom_1731856953377{margin-top: 25px !important;}&#8221;] Pod pojmom zdravje \u017ee dolgo ne ozna\u010dujemo samo odsotnosti bolezenskega stanja, ampak k zdravju bistveno prispeva veliko med seboj povezanih dejavnikov, od socialnih, fizi\u010dnih in psiholo\u0161kih. [&#8230;]<\/p>\n<p class=\"m-0\"><a class=\"btn btn-outline-secondary btn-read-more\" href=\"https:\/\/pk-torpedo.si\/?page_id=1040\">Read More<\/a><\/p>\n","protected":false},"author":2,"featured_media":0,"parent":529,"menu_order":0,"comment_status":"closed","ping_status":"closed","template":"","meta":{"footnotes":""},"class_list":["post-1040","page","type-page","status-publish","hentry"],"_links":{"self":[{"href":"https:\/\/pk-torpedo.si\/index.php?rest_route=\/wp\/v2\/pages\/1040","targetHints":{"allow":["GET"]}}],"collection":[{"href":"https:\/\/pk-torpedo.si\/index.php?rest_route=\/wp\/v2\/pages"}],"about":[{"href":"https:\/\/pk-torpedo.si\/index.php?rest_route=\/wp\/v2\/types\/page"}],"author":[{"embeddable":true,"href":"https:\/\/pk-torpedo.si\/index.php?rest_route=\/wp\/v2\/users\/2"}],"replies":[{"embeddable":true,"href":"https:\/\/pk-torpedo.si\/index.php?rest_route=%2Fwp%2Fv2%2Fcomments&post=1040"}],"version-history":[{"count":7,"href":"https:\/\/pk-torpedo.si\/index.php?rest_route=\/wp\/v2\/pages\/1040\/revisions"}],"predecessor-version":[{"id":1602,"href":"https:\/\/pk-torpedo.si\/index.php?rest_route=\/wp\/v2\/pages\/1040\/revisions\/1602"}],"up":[{"embeddable":true,"href":"https:\/\/pk-torpedo.si\/index.php?rest_route=\/wp\/v2\/pages\/529"}],"wp:attachment":[{"href":"https:\/\/pk-torpedo.si\/index.php?rest_route=%2Fwp%2Fv2%2Fmedia&parent=1040"}],"curies":[{"name":"wp","href":"https:\/\/api.w.org\/{rel}","templated":true}]}}