{"id":525,"date":"2016-08-17T17:13:41","date_gmt":"2016-08-17T15:13:41","guid":{"rendered":"http:\/\/pk-torpedo.si\/?page_id=525"},"modified":"2025-09-08T11:37:43","modified_gmt":"2025-09-08T09:37:43","slug":"nadaljevalna-plavalna-sola","status":"publish","type":"page","link":"https:\/\/pk-torpedo.si\/?page_id=525","title":{"rendered":"Nadaljevalna plavalna \u0161ola"},"content":{"rendered":"<div class=\"wpb-content-wrapper\"><p>[vc_row css=&#8221;.vc_custom_1731758044063{margin-top: 25px !important;}&#8221;][vc_column][vc_column_text]<\/p>\n<h1 align=\"justify\">NADALJEVALNA PLAVALNA \u0160OLA<\/h1>\n<p align=\"justify\">Po osvojenih osnovah in osnovnih plavalnih tehnikah plavanja se v Plavalnem klubu Torpedo lahko odlo\u010dite za dva razli\u010dna programa, in sicer za nadaljevalno plavalno \u0161olo ali pa za rekreativno plavanje otrok in mladine.<\/p>\n<p align=\"justify\">V nadaljevalni plavalni \u0161oli se bomo posvetili sestavljenim tehnikam plavanja, dodali bomo plavanje delfinove tehnike, spoznali bomo tekmovalne skoke in obrate, ter se na \u017eeljo trenerja, plavalcev in tudi star\u0161ev udele\u017eili nekaterih tekem tako v zimski kot tudi poletni plavali sezoni.<\/p>\n<p align=\"justify\">Nadaljevalna plavalna \u0161ola je namenjena predvsem plavalcem in otrokom, ki \u017ee imajo osvojeno osnovno znanje plavanja in si \u017eelijo vstopiti v svet tekmovalnega plavanja. \u017delimo si zagotoviti \u010dim la\u017eji prehod iz u\u010denja plavanja v plavalnih \u0161olah k treniranju.<\/p>\n<p align=\"justify\">Program je namenjen otrokom starim 6 do 10 let.<\/p>\n<hr \/>\n<h2 align=\"justify\">Urnik<\/h2>\n<p align=\"justify\">Vse plavalne vadbe se izvajajo na bazenu Fakultete za \u0161port Ljubljana.<\/p>\n<table width=\"344\" cellspacing=\"0\" cellpadding=\"2\">\n<colgroup>\n<col width=\"123\" \/>\n<col width=\"212\" \/> <\/colgroup>\n<tbody>\n<tr>\n<td width=\"123\" height=\"29\">\n<p align=\"left\"><strong>ponedeljek<\/strong><\/p>\n<\/td>\n<td width=\"212\">\n<p align=\"left\">16.00 \u2013 17.00<\/p>\n<\/td>\n<\/tr>\n<\/tbody>\n<tbody>\n<tr>\n<td width=\"123\" height=\"30\">\n<p align=\"left\"><strong>torek<\/strong><\/p>\n<\/td>\n<td width=\"212\">\n<p align=\"left\">15.00 \u2013 16.00 in 16.00 &#8211; 17.00<\/p>\n<\/td>\n<\/tr>\n<\/tbody>\n<tbody>\n<tr>\n<td width=\"123\" height=\"30\">\n<p align=\"left\"><strong>sreda<\/strong><\/p>\n<\/td>\n<td width=\"212\">\n<p align=\"left\">16.00 \u2013 17.00<\/p>\n<\/td>\n<\/tr>\n<\/tbody>\n<tbody>\n<tr>\n<td width=\"123\" height=\"30\"><strong>\u010detrtek<\/strong><\/td>\n<td width=\"212\">\n<p align=\"left\">16.00 \u2013 17.00 in 17.00 &#8211; 18.00<\/p>\n<\/td>\n<\/tr>\n<tr>\n<td width=\"123\" height=\"29\">\n<p align=\"left\"><strong>petek<\/strong><\/p>\n<\/td>\n<td width=\"212\">\n<p align=\"left\">16.00 \u2013 17.00<\/p>\n<\/td>\n<\/tr>\n<\/tbody>\n<\/table>\n<p align=\"justify\">S programom nadaljevalne plavalne \u0161ole pri\u010dnemo <strong>v tednu od 22.09 do 26.09.2025 in poteka do tedna od 15.6 do 19.6.2026.<\/strong><\/p>\n<p align=\"justify\">Termin v <strong>\u010detrtek od 16.00 do 17.00<\/strong> je zaseden, mo\u017ena je prijava v \u010dakalno vrsto na elektronski naslov <em>info@pk-torpedo.si<\/em> .<\/p>\n<p align=\"justify\">Vpis v nadaljevalno plavalno \u0161olo je mogo\u010d skozi celo leto.<\/p>\n<hr \/>\n<h2 align=\"justify\">Cenik<\/h2>\n<p align=\"justify\">Vadnine se bo v sezoni 2025\/2026 pla\u010devalo vsake tri mesece.<\/p>\n<p align=\"justify\">&#8211; enkrat tedensko vadnina za tri mesece: 180\u20ac<\/p>\n<p align=\"justify\">&#8211; dvakrat tedensko vadnina za tri mesece: 240\u20ac<\/p>\n<p align=\"justify\">&#8211; trikrat tedensko vadnina za tri mesece: 285\u20ac<\/p>\n<p align=\"justify\">Drugi otrok v dru\u017eini prejme 20% popusta ter vsak naslednji prav tako (prvi otrok je vedno tisti z najvi\u0161jo ceno, sledijo padajo\u010de).<\/p>\n<p align=\"justify\">Vse cene so v \u20ac.<\/p>\n<hr \/>\n<p>[\/vc_column_text][vc_btn title=&#8221;Prijavnica&#8221; shape=&#8221;round&#8221; color=&#8221;danger&#8221; link=&#8221;url:http%3A%2F%2Fpk-torpedo.si%2F%3Fpage_id%3D15&#8243;][\/vc_column][\/vc_row]<\/p>\n<\/div>","protected":false},"excerpt":{"rendered":"<p class=\"card-text\">[vc_row css=&#8221;.vc_custom_1731758044063{margin-top: 25px !important;}&#8221;][vc_column][vc_column_text] NADALJEVALNA PLAVALNA \u0160OLA Po osvojenih osnovah in osnovnih plavalnih tehnikah plavanja se v Plavalnem klubu Torpedo lahko odlo\u010dite za dva razli\u010dna programa, in sicer za nadaljevalno [&#8230;]<\/p>\n<p class=\"m-0\"><a class=\"btn btn-outline-secondary btn-read-more\" href=\"https:\/\/pk-torpedo.si\/?page_id=525\">Read More<\/a><\/p>\n","protected":false},"author":1,"featured_media":0,"parent":520,"menu_order":2,"comment_status":"closed","ping_status":"closed","template":"","meta":{"footnotes":""},"class_list":["post-525","page","type-page","status-publish","hentry"],"_links":{"self":[{"href":"https:\/\/pk-torpedo.si\/index.php?rest_route=\/wp\/v2\/pages\/525","targetHints":{"allow":["GET"]}}],"collection":[{"href":"https:\/\/pk-torpedo.si\/index.php?rest_route=\/wp\/v2\/pages"}],"about":[{"href":"https:\/\/pk-torpedo.si\/index.php?rest_route=\/wp\/v2\/types\/page"}],"author":[{"embeddable":true,"href":"https:\/\/pk-torpedo.si\/index.php?rest_route=\/wp\/v2\/users\/1"}],"replies":[{"embeddable":true,"href":"https:\/\/pk-torpedo.si\/index.php?rest_route=%2Fwp%2Fv2%2Fcomments&post=525"}],"version-history":[{"count":49,"href":"https:\/\/pk-torpedo.si\/index.php?rest_route=\/wp\/v2\/pages\/525\/revisions"}],"predecessor-version":[{"id":1657,"href":"https:\/\/pk-torpedo.si\/index.php?rest_route=\/wp\/v2\/pages\/525\/revisions\/1657"}],"up":[{"embeddable":true,"href":"https:\/\/pk-torpedo.si\/index.php?rest_route=\/wp\/v2\/pages\/520"}],"wp:attachment":[{"href":"https:\/\/pk-torpedo.si\/index.php?rest_route=%2Fwp%2Fv2%2Fmedia&parent=525"}],"curies":[{"name":"wp","href":"https:\/\/api.w.org\/{rel}","templated":true}]}}