{"id":534,"date":"2016-08-17T17:16:16","date_gmt":"2016-08-17T15:16:16","guid":{"rendered":"http:\/\/pk-torpedo.si\/?page_id=534"},"modified":"2025-07-29T17:39:46","modified_gmt":"2025-07-29T15:39:46","slug":"kosarka","status":"publish","type":"page","link":"https:\/\/pk-torpedo.si\/?page_id=534","title":{"rendered":"Ko\u0161arka"},"content":{"rendered":"<div class=\"wpb-content-wrapper\"><p>[vc_row][vc_column][vc_column_text css=&#8221;.vc_custom_1731857323193{margin-top: 25px !important;}&#8221;]<\/p>\n<p align=\"justify\">Imate \u017eeljo po rednem vadbi, ki vam ponudi mo\u017enost zdravega pre\u017eivljanja prostega \u010dasa, sprostitve in dru\u017eenja na igri\u0161\u010du. Pridru\u017eite se nam pri igranju ko\u0161arke.<\/p>\n<hr \/>\n<h2 align=\"justify\">URNIK<\/h2>\n<p align=\"justify\"><em>V dvorani Krn na fakulteti za \u0161port <\/em><\/p>\n<p align=\"justify\"><strong>ponedeljek<\/strong> \u00a019.00 do 20.30<\/p>\n<p align=\"justify\"><strong>torek<\/strong> 20.00 do 21.30<\/p>\n<p align=\"justify\"><strong>\u010detrtek<\/strong> 20.00 do 21.30<\/p>\n<p align=\"justify\">Rekreacija bo potekala od za\u010detka oktobra do konca maja.<\/p>\n<hr \/>\n<h2 align=\"justify\">CENIK<\/h2>\n<p align=\"justify\">&#8211; enkrat tedensko 30 \u20ac<\/p>\n<p align=\"justify\">&#8211; dvakrat tedensko 45 \u20ac<\/p>\n<p align=\"justify\">Cene so v \u20ac in se nana\u0161ajo na mese\u010dni obisk.<\/p>\n<hr \/>\n<p align=\"justify\"><strong>Prijava<\/strong>: na info@pk-torpedo.si.<\/p>\n<p>[\/vc_column_text][\/vc_column][\/vc_row]<\/p>\n<\/div>","protected":false},"excerpt":{"rendered":"<p class=\"card-text\">[vc_row][vc_column][vc_column_text css=&#8221;.vc_custom_1731857323193{margin-top: 25px !important;}&#8221;] Imate \u017eeljo po rednem vadbi, ki vam ponudi mo\u017enost zdravega pre\u017eivljanja prostega \u010dasa, sprostitve in dru\u017eenja na igri\u0161\u010du. Pridru\u017eite se nam pri igranju ko\u0161arke. URNIK V [&#8230;]<\/p>\n<p class=\"m-0\"><a class=\"btn btn-outline-secondary btn-read-more\" href=\"https:\/\/pk-torpedo.si\/?page_id=534\">Read More<\/a><\/p>\n","protected":false},"author":1,"featured_media":0,"parent":529,"menu_order":0,"comment_status":"closed","ping_status":"closed","template":"","meta":{"footnotes":""},"class_list":["post-534","page","type-page","status-publish","hentry"],"_links":{"self":[{"href":"https:\/\/pk-torpedo.si\/index.php?rest_route=\/wp\/v2\/pages\/534","targetHints":{"allow":["GET"]}}],"collection":[{"href":"https:\/\/pk-torpedo.si\/index.php?rest_route=\/wp\/v2\/pages"}],"about":[{"href":"https:\/\/pk-torpedo.si\/index.php?rest_route=\/wp\/v2\/types\/page"}],"author":[{"embeddable":true,"href":"https:\/\/pk-torpedo.si\/index.php?rest_route=\/wp\/v2\/users\/1"}],"replies":[{"embeddable":true,"href":"https:\/\/pk-torpedo.si\/index.php?rest_route=%2Fwp%2Fv2%2Fcomments&post=534"}],"version-history":[{"count":13,"href":"https:\/\/pk-torpedo.si\/index.php?rest_route=\/wp\/v2\/pages\/534\/revisions"}],"predecessor-version":[{"id":1653,"href":"https:\/\/pk-torpedo.si\/index.php?rest_route=\/wp\/v2\/pages\/534\/revisions\/1653"}],"up":[{"embeddable":true,"href":"https:\/\/pk-torpedo.si\/index.php?rest_route=\/wp\/v2\/pages\/529"}],"wp:attachment":[{"href":"https:\/\/pk-torpedo.si\/index.php?rest_route=%2Fwp%2Fv2%2Fmedia&parent=534"}],"curies":[{"name":"wp","href":"https:\/\/api.w.org\/{rel}","templated":true}]}}